{"id":26,"date":"2012-12-26T15:43:00","date_gmt":"2012-12-26T15:43:00","guid":{"rendered":"http:\/\/www.gabyeisenhut.de\/?page_id=26"},"modified":"2024-09-01T09:24:35","modified_gmt":"2024-09-01T08:24:35","slug":"uber-mich","status":"publish","type":"page","link":"https:\/\/www.gabyeisenhut.de\/","title":{"rendered":"\u00dcber mich"},"content":{"rendered":"<h6 align=\"right\"><em>&#8222;Hunde kommen in unser Leben, um zu bleiben<\/em><em>. <\/em><\/h6>\n<h6 align=\"right\"><em>Sie gehen nicht fort, wenn es schwierig wird, und auch, wenn der erste Rausch verflogen ist, sehen sie uns immer noch mit diesem Ausdruck in den Augen an.&#8220;<\/em><br \/>\n<i>Pablo Picasso<\/i><br \/>\n<em><a href=\"http:\/\/www.gabyeisenhut.de\/?attachment_id=34\" rel=\"attachment wp-att-34\"><img decoding=\"async\" loading=\"lazy\" class=\"wp-image-34 alignleft\" title=\"Gaby Eisenhut\" src=\"http:\/\/www.gabyeisenhut.de\/wp-content\/uploads\/2012\/12\/web_portrait-300x198.jpg\" alt=\"web_portrait.jpg\" width=\"300\" height=\"198\" \/><\/a><br \/>\n<\/em><\/h6>\n<p style=\"text-align: justify;\">Von 1992 bis 2019 unterrichtete ich an insgesamt 8 bayerischen Grund- und Mittelschulen.\u00a0 Berufsbegleitend habe ich eine kunsttherapeutische Ausbildung bei Gerd Hecht absolviert. An der Universit\u00e4t Regensburg schloss ich 2010 erfolgreich ein Erweiterungsstudium Medienp\u00e4dagogik ab und arbeitete am ehem. Lehrstuhl von Prof. Lukesch als wissenschaftliche Mitarbeiterin im Fachbereich Medienp\u00e4dagogik mit. Von\u00a02005 &#8211; 2012\u00a0war ich Redaktionsmitglied im\u00a0Online-Portal \u201eKunstschule-digital\u201c, wir entwickelten schulart\u00fcbergreifend unter Leitung von Ivan Dusanek Unterrichtskonzepte mit digitalen Medien f\u00fcr Lehrer, die in Bayern Kunsterziehung unterrichten. Von 2010 &#8211; 2012 betreute ich die Grund- und Mittelschulen im Schulamtsbezirk Cham als medienp\u00e4dagogische -informationstechnische Beraterin. Zum 1. Januar 2014 wurde mir die fachliche Leitung des Medienzentrums Regensburg Land, einer Abteilung des Landratsamtes Regensburg \u00fcbertragen.<\/p>\n<p style=\"text-align: justify;\">Im Fr\u00fchjahr 2014 wurde ich Lehrbeauftragte an der Universit\u00e4t Regensburg und wirke seit diesem Zeitpunkt zuerst am Rechenzentrum, nun an der neu gegr\u00fcndeten Fakult\u00e4t Informatik und Datenscience in der studienbegleitenden IT-Ausbildung mit Seminaren zum Thema Animations- und Erkl\u00e4rfilme, Filmanalyse, 3D-Druck, digitaler Teilhabe und KI und Barrierefreieht mit.<\/p>\n<p>Ehrenamtlich habe ich 2004 die Stiftung KreBeKi, die Stiftung f\u00fcr krebskranke und behinderte Kinder in Bayern, mitbegr\u00fcndet und war bis M\u00e4rz 2022 in der Vorstandschaft t\u00e4tig.<\/p>\n<p>Seit 2021 bin ich im Vorstand des Landarbeitskreises der Medienzentrum in Bayern t\u00e4tig und vertrete seit 2022 die Belange der Medienzentren in Bayern im Bundesarbeitskreis der Leiterinnen und Leiter kommunaler Medienzentren in Deutschland zusammen mit Doris Sippel,<\/p>\n<p>Von 2013 &#8211; 2018 war ich zudem ehrenamtliche Jugendsch\u00f6ffin am Amtsgericht Regensburg.<\/p>\n","protected":false},"excerpt":{"rendered":"<p>&#8222;Hunde kommen in unser Leben, um zu bleiben. Sie gehen nicht fort, wenn es schwierig wird, und auch, wenn der erste Rausch verflogen ist, sehen sie uns immer noch mit diesem Ausdruck in den Augen an.&#8220; Pablo Picasso Von 1992 &hellip; <a href=\"https:\/\/www.gabyeisenhut.de\/\">Weiterlesen <span class=\"meta-nav\">&rarr;<\/span><\/a><\/p>\n","protected":false},"author":1,"featured_media":19,"parent":0,"menu_order":0,"comment_status":"closed","ping_status":"closed","template":"","meta":[],"_links":{"self":[{"href":"https:\/\/www.gabyeisenhut.de\/index.php?rest_route=\/wp\/v2\/pages\/26"}],"collection":[{"href":"https:\/\/www.gabyeisenhut.de\/index.php?rest_route=\/wp\/v2\/pages"}],"about":[{"href":"https:\/\/www.gabyeisenhut.de\/index.php?rest_route=\/wp\/v2\/types\/page"}],"author":[{"embeddable":true,"href":"https:\/\/www.gabyeisenhut.de\/index.php?rest_route=\/wp\/v2\/users\/1"}],"replies":[{"embeddable":true,"href":"https:\/\/www.gabyeisenhut.de\/index.php?rest_route=%2Fwp%2Fv2%2Fcomments&post=26"}],"version-history":[{"count":38,"href":"https:\/\/www.gabyeisenhut.de\/index.php?rest_route=\/wp\/v2\/pages\/26\/revisions"}],"predecessor-version":[{"id":556,"href":"https:\/\/www.gabyeisenhut.de\/index.php?rest_route=\/wp\/v2\/pages\/26\/revisions\/556"}],"wp:featuredmedia":[{"embeddable":true,"href":"https:\/\/www.gabyeisenhut.de\/index.php?rest_route=\/wp\/v2\/media\/19"}],"wp:attachment":[{"href":"https:\/\/www.gabyeisenhut.de\/index.php?rest_route=%2Fwp%2Fv2%2Fmedia&parent=26"}],"curies":[{"name":"wp","href":"https:\/\/api.w.org\/{rel}","templated":true}]}}

Über mich

<h6 align="right"><em>&#8222;Hunde kommen in unser Leben, um zu bleiben</em><em>. </em></h6>
<h6 align="right"><em>Sie gehen nicht fort, wenn es schwierig wird, und auch, wenn der erste Rausch verflogen ist, sehen sie uns immer noch mit diesem Ausdruck in den Augen an.&#8220;</em><br />
<i>Pablo Picasso</i><br />
<em><a href="http://www.gabyeisenhut.de/?attachment_id=34" rel="attachment wp-att-34"><img decoding="async" loading="lazy" class="wp-image-34 alignleft" title="Gaby Eisenhut" src="http://www.gabyeisenhut.de/wp-content/uploads/2012/12/web_portrait-300x198.jpg" alt="web_portrait.jpg" width="300" height="198" /></a><br />
</em></h6>
<p style="text-align: justify;">Von 1992 bis 2019 unterrichtete ich an insgesamt 8 bayerischen Grund- und Mittelschulen.  Berufsbegleitend habe ich eine kunsttherapeutische Ausbildung bei Gerd Hecht absolviert. An der Universität Regensburg schloss ich 2010 erfolgreich ein Erweiterungsstudium Medienpädagogik ab und arbeitete am ehem. Lehrstuhl von Prof. Lukesch als wissenschaftliche Mitarbeiterin im Fachbereich Medienpädagogik mit. Von 2005 &#8211; 2012 war ich Redaktionsmitglied im Online-Portal „Kunstschule-digital“, wir entwickelten schulartübergreifend unter Leitung von Ivan Dusanek Unterrichtskonzepte mit digitalen Medien für Lehrer, die in Bayern Kunsterziehung unterrichten. Von 2010 &#8211; 2012 betreute ich die Grund- und Mittelschulen im Schulamtsbezirk Cham als medienpädagogische -informationstechnische Beraterin. Zum 1. Januar 2014 wurde mir die fachliche Leitung des Medienzentrums Regensburg Land, einer Abteilung des Landratsamtes Regensburg übertragen.</p>
<p style="text-align: justify;">Im Frühjahr 2014 wurde ich Lehrbeauftragte an der Universität Regensburg und wirke seit diesem Zeitpunkt zuerst am Rechenzentrum, nun an der neu gegründeten Fakultät Informatik und Datenscience in der studienbegleitenden IT-Ausbildung mit Seminaren zum Thema Animations- und Erklärfilme, Filmanalyse, 3D-Druck, digitaler Teilhabe und KI und Barrierefreieht mit.</p>
<p>Ehrenamtlich habe ich 2004 die Stiftung KreBeKi, die Stiftung für krebskranke und behinderte Kinder in Bayern, mitbegründet und war bis März 2022 in der Vorstandschaft tätig.</p>
<p>Seit 2021 bin ich im Vorstand des Landarbeitskreises der Medienzentrum in Bayern tätig und vertrete seit 2022 die Belange der Medienzentren in Bayern im Bundesarbeitskreis der Leiterinnen und Leiter kommunaler Medienzentren in Deutschland zusammen mit Doris Sippel,</p>
<p>Von 2013 &#8211; 2018 war ich zudem ehrenamtliche Jugendschöffin am Amtsgericht Regensburg.</p>
