{"id":504,"date":"2016-10-16T22:50:55","date_gmt":"2016-10-16T21:50:55","guid":{"rendered":"http:\/\/www.gabyeisenhut.de\/?page_id=504"},"modified":"2017-01-06T22:02:34","modified_gmt":"2017-01-06T21:02:34","slug":"filme","status":"publish","type":"page","link":"https:\/\/www.gabyeisenhut.de\/?page_id=504","title":{"rendered":"Filme"},"content":{"rendered":"<p><strong>Zeig jetzt Dein Gesicht<\/strong><\/p>\n<p>Musik\/ Text: Hubert Treml<br \/>\nMusikvideo in Stop-Motion-Technik: Gaby Eisenhut<\/p>\n<p>KreBeKi, die Stiftung f\u00fcr krebskranke und behinderte Kinder in Bayern, arbeitet seit 2014 mit dem Musiker Hubert Treml und der Mittelschule Lappersdorf, einer Schule mit dem Profil Inklusion, zusammen. Mit den Sch\u00fclerinnen und Sch\u00fcler der \u00dcbergangsklasse wurde das Musikvideo zu Hubert Tremls Lied &#8222;Zeig mir Dein Gesicht&#8220;, ein Song gegen Fremdenhass, entwickelt und im Tonstudio von Florian Speth in Sinzing der Refrain eingesungen. Viele der Jugendlichen haben selbst ihre Heimat verloren, wir von der Stiftung KrebeKi zeigen mit Hubert Treml gerne f\u00fcr sie &#8222;unser Gesicht&#8220; und hei\u00dfen sie willkommen. Die Fotos der Jugendlichen wurden in Stop-Motion-Technik von Gaby Eisenhut grafisch gestaltet und mit den einzelnen Filmen zu einem Musikvideo arrangiert.<\/p>\n<p>&nbsp;<\/p>\n<p><iframe loading=\"lazy\" src=\"https:\/\/www.youtube.com\/embed\/jugxcH2i574\" width=\"560\" height=\"315\" frameborder=\"0\" allowfullscreen=\"allowfullscreen\"><\/iframe><\/p>\n<p><strong>Herr Nordmann<\/strong><\/p>\n<p>Musik\/ Text: Hubert Treml<br \/>\nTrickfilm: Gaby Eisenhut<\/p>\n<p>&#8222;Herr Nordmann &#8222;ist eine Ger\u00e4uschgeschichte von Hubert Treml und Anita Binder, die von 36 Sch\u00fclern der Mittelschule Lappersdorf und der Bischof-Wittmann-Schule Regensburg , einem F\u00f6rderzentrum mit F\u00f6rderschwerpunkt geistige Entwicklung, gestaltet und vertont wurde. Gaby Eisenhut setzte die Bilder der Jugendlichen in Bewegung. Die Stiftung KreBeKi finanzierte im Rahmen der Initiative &#8222;Engel gesucht&#8220; an der Mittelschule Lappersdorf, einer Schule mit dem Profil Inklusion, die Produktion des Trickfilmes &#8222;Herr Nordmann&#8220;.<\/p>\n<p>&nbsp;<\/p>\n<p><iframe loading=\"lazy\" width=\"560\" height=\"315\" src=\"https:\/\/www.youtube.com\/embed\/m9l-g7yZEkw\" frameborder=\"0\" allowfullscreen><\/iframe><\/p>\n","protected":false},"excerpt":{"rendered":"<p>Zeig jetzt Dein Gesicht Musik\/ Text: Hubert Treml Musikvideo in Stop-Motion-Technik: Gaby Eisenhut KreBeKi, die Stiftung f\u00fcr krebskranke und behinderte Kinder in Bayern, arbeitet seit 2014 mit dem Musiker Hubert Treml und der Mittelschule Lappersdorf, einer Schule mit dem Profil &hellip; <a href=\"https:\/\/www.gabyeisenhut.de\/?page_id=504\">Weiterlesen <span class=\"meta-nav\">&rarr;<\/span><\/a><\/p>\n","protected":false},"author":1,"featured_media":0,"parent":0,"menu_order":0,"comment_status":"closed","ping_status":"closed","template":"","meta":[],"_links":{"self":[{"href":"https:\/\/www.gabyeisenhut.de\/index.php?rest_route=\/wp\/v2\/pages\/504"}],"collection":[{"href":"https:\/\/www.gabyeisenhut.de\/index.php?rest_route=\/wp\/v2\/pages"}],"about":[{"href":"https:\/\/www.gabyeisenhut.de\/index.php?rest_route=\/wp\/v2\/types\/page"}],"author":[{"embeddable":true,"href":"https:\/\/www.gabyeisenhut.de\/index.php?rest_route=\/wp\/v2\/users\/1"}],"replies":[{"embeddable":true,"href":"https:\/\/www.gabyeisenhut.de\/index.php?rest_route=%2Fwp%2Fv2%2Fcomments&post=504"}],"version-history":[{"count":7,"href":"https:\/\/www.gabyeisenhut.de\/index.php?rest_route=\/wp\/v2\/pages\/504\/revisions"}],"predecessor-version":[{"id":529,"href":"https:\/\/www.gabyeisenhut.de\/index.php?rest_route=\/wp\/v2\/pages\/504\/revisions\/529"}],"wp:attachment":[{"href":"https:\/\/www.gabyeisenhut.de\/index.php?rest_route=%2Fwp%2Fv2%2Fmedia&parent=504"}],"curies":[{"name":"wp","href":"https:\/\/api.w.org\/{rel}","templated":true}]}}